p**4/8 + 4*p**3/3 + 1179*p**2. Give s(r).
-10
Let x(l) = -l**3 - 2*l**2 - l + 4. Let m be x(-2). Suppose -9*k + 9 = -m*k. Let q(p) = -2*p + k + 3*p + p**2 - 4. What is q(-3)?
5
Let d(l) = -l**2 - 21*l - 33. Suppose -85*y + 5*z = -81*y + 82, -4*z - 8 = 0. Determine d(y).
-79
Suppose 0 = -110*f + 82 + 248. Let w(q) be the first derivative of -13 - q**2 + 1/3*q**f - 5*q. Give w(4).
3
Suppose 0 = 35*w - 34*w - 1. Let p(v) = 2*v - 8. Let i(h) = 1. Let t(f) = -24*i(f) - 3*p(f). Determine t(w).
-6
Let t(h) be the third derivative of -19*h**2 + 1/10*h**5 + 0 - 1/120*h**6 + 0*h + 17/24*h**4 - h**3. Let f be t(8). Let u(m) = m**3 - 2*m + 2. Give u(f).
6
Let t(x) = x**2 - x - 16. Let g be t(-4). Suppose g*m = -3*l - 25, 4*l + l + 2 = -m. Let z(p) = -p - 1. Give z(m).
6
Suppose -11 = 7*w - 18. Let n(y) be the third derivative of y**6/30 - y**4/24 - 9*y**2. Determine n(w).
3
Suppose 3*t = -15, 4*z + 3*t - 167 = 22. Suppose -22*p = z + 15. Let n(s) be the third derivative of s**6/120 + s**5/15 + s**4/24 + s**2. What is n(p)?
6
Let p(r) = r + 6. Let v(l) = 198*l - 6 - 68*l + 22 - 63*l - 64*l. Let g(q) = -5*p(q) + 2*v(q). Give g(6).
8
Let h = 3436 + -3432. Let s(r) = r**2 - 9*r + 4. Determine s(h).
-16
Suppose -3*i = 2*i + s + 7, 4*i = -4*s + 4. Let z(y) = -4*y + 31777 + 3*y + 2*y - 31775. Determine z(i).
0
Let k(l) = 2*l**2 - 5*l + 2. Let c(z) = 180 + 14*z**2 - 182 + z - 5*z**2. Let n be c(-1). Let t be 2*-3*(-3)/(27/n). Determine k(t).
14
Let v(t) = t**3 + 51*t**2 + 268*t - 74. Let s be v(-45). Let y(c) = 15*c - 248. Give y(s).
-8
Let y(k) = 4*k - 4. Suppose -3*t + 3 = 0, -5 = 3*s - 5*t - 0*t. Suppose -13*f + 16*f - 6 = s. Give y(f).
4
Let v(b) be the second derivative of 7*b**3/6 + 7*b**2/2 - 4*b - 6. Let m(d) = -4*d + 11. Let y be m(4). Determine v(y).
-28
Let j(y) = -y**2 - y + 2. Let t(w) = -9*w**3 - 4*w**2 - 8*w + 13. Let m(i) = -6*j(i) + t(i). Let l(z) = -z + 7. Let d be l(6). Calculate m(d).
-8
Suppose 3*d - 14 = d. Let i(l) = 4 - 4*l - 9*l + 5*l - l**2. Let j(w) = 3*w**2 + 17*w - 8. Let m(n) = 5*i(n) + 2*j(n). Give m(d).
11
Let u(l) be the second derivative of -6*l + 1/3*l**3 + 9*l**2 - 2. Give u(-7).
4
Let t(j) = -j**3 + 0*j - j + 3 + 7*j**2 + 1. Suppose 8*k + 48 = -8*k. Let h be -7*(-2 - -1)/((-3)/k). Calculate t(h).
-3
Let j(r) = 6363*r + 89081. Let l be j(-14). Let f(d) = d**2. Let a(t) = t**2. Let m(i) = a(i) + 4*f(i). Determine m(l).
5
Suppose -53 + 3 = -10*h. Suppose -t + 5 = -4*o - o, o = -h*t - 1. Let v(d) = 3*d**3 - 2*d**2 - 2*d - 1. Give v(o).
-4
Let w(z) = -85*z - 131. Let c(x) = -67*x - 130. Let p(d) = 8*c(d) - 7*w(d). Determine p(2).
-5
Suppose 0 = -a + 8 - 14. Let i(k) be the third derivative of -4/3*k**3 - 1/12*k**4 + 0 + 0*k - 8*k**2. What is i(a)?
4
Let v(r) = -r**2 - 4*r - 4. Let l(s) = 3*s + 1. Suppose 0 = 5*w - 14*w + 18. Suppose -w*p - 3*c - 4 = 0, 5*p + 11 - 1 = 4*c. Let f be l(p). Determine v(f).
-9
Let l(p) = -4*p + 30. Suppose -2*y + w = 941, -y - w = -0*y + 472. Let a = -464 - y. Calculate l(a).
2
Let t(p) be the first derivative of 1/6*p**3 + 18*p + 5/2*p**2 + 10. Let k(u) be the first derivative of t(u). Give k(5).
10
Let b(i) be the third derivative of -i**4/24 + i**3/2 + 2*i**2. Let g(o) = 2*o - 3 - 2*o - 9*o + o**2. Let d be g(9). Calculate b(d).
6
Let v(x) = -x**3 + 8*x**2 - 5. Let t = 15 - 43. Let i = t - -36. Give v(i).
-5
Suppose 5 = -6*x + 17. Let g(f) = -f**3 + 3*f**3 - 2*f**2 + 5 - 5*f**2 - 3*f**3 - 2*f**x - 14*f. Determine g(-7).
5
Let t be ((-66)/36)/(-11) + 402/(-36). Let s(x) = -x**2 - 8*x + 31. What is s(t)?
-2
Let q(f) be the second derivative of -f**5/5 - f**4/6 + f**3/6 + 5*f**2/2 - 28*f - 33. What is q(-2)?
27
Let p(l) = -4 - 14*l - 26*l + 37*l. Suppose 0 = 23*f - 15*f + 32. Determine p(f).
8
Let x(c) be the third derivative of -c**4/24 - 2*c**3/3 + 16*c**2. Suppose -3*d - 4*q = 31, -53 = -d + q - 54. Determine x(d).
1
Let k(w) = -3*w + 119. Let b be 3042/(-702) - (-142)/3. Calculate k(b).
-10
Let h(q) be the first derivative of 9/4*q**4 - 2/3*q**3 + 0*q - 1/2*q**2 + 3. Let p(v) = v + 1. Let x be p(-2). Calculate h(x).
-10
Let n(a) = -2*a**3 - 4*a**2 + 3*a - 12. Let c(b) = -3. Let r(d) = -6*c(d) + n(d). Give r(-3).
15
Let y(l) = l**2 - 18*l - 44. Suppose -284*a + 3743 = -1937. Give y(a).
-4
Let w(c) = 2*c**2 + 111*c - 535. Let j = -22866 - -22806. Determine w(j).
5
Suppose -85 = -3*s - 5*n, -n = 3*s - 6*n - 35. Let y be (-24)/s*(-5)/2. Suppose y*k = 7*k + 16. Let z(u) = u**3 + 4*u**2 - 4. What is z(k)?
-4
Let i(o) = -2*o. Suppose 5*a = -238 - 77. Let h be (a/14)/((-3)/(-6)). What is i(h)?
18
Let f(y) = 6*y**2 - y - 1. Suppose -49*j + 60*j - 165 = 0. Let a be (4/(-6))/(1/(j/10)). What is f(a)?
6
Let r(f) be the third derivative of -11*f**4/2 - 391*f**3/6 - 829*f**2. What is r(-3)?
5
Suppose 26 = -b + 5*o + 6, 0 = 3*b - 3*o + 12. Let y(j) = 1 - 4*j**2 + 2*j**2 + j**2 + 0. Calculate y(b).
1
Let l(m) = m**2 + 9*m - 308. Let v be (-1740)/(-100) - 17/5. Give l(v).
14
Suppose -5*x + 5 = 0, 11 = -5*t - x - 33. Let f(c) = c**3 + 4*c**2 - 45*c - 5. What is f(t)?
-5
Let t(y) = 17*y + 117. Let h be t(8). Let z = h - 258. Let r(m) = -2*m**3 - 10*m**2 - 4. Calculate r(z).
-4
Let m(s) = -32277*s**2 + 10740*s**2 + 10717*s**2 + 10724*s**2 - 2*s. What is m(-1)?
-94
Suppose s - 2*m - 23 = -4*m, -4*s + 3*m + 48 = 0. Suppose 0 = 2*r - c + s, 5*r + c + 8 = -33. Let z(v) = -4 - 5*v + 0 + 4*v. Determine z(r).
4
Let y(o) be the third derivative of 7*o**4/12 + 22*o**3 + 2*o**2 - 13*o - 6. Give y(-10).
-8
Let b(x) = 15*x**2 - 91*x - 96. Let c(w) = -4*w**2 + 30*w + 32. Let h(v) = -2*b(v) - 7*c(v). What is h(-13)?
-6
Let d be ((-1)/(-1) - 0)*-15. Let q be 41/3 - ((-15)/(-3))/d. Let y(c) = -1 - 17*c + 34*c - q*c. Give y(5).
14
Let s(t) be the second derivative of -t**6/360 - t**5/30 - t**4/24 - 47*t**3/3 + 2*t. Let j(q) be the second derivative of s(q). What is j(-4)?
-1
Let v = 176 + -69. Let q = v - 112. Let f(j) be the first derivative of 2*j**3/3 + 3*j**2 - 4*j - 2. Determine f(q).
16
Let i(t) = t**3 - 5*t**2 + 5*t + 3. Let h be i(3). Let p be -3 + 0 - h*(-7)/(-28). Let s(g) = -g**2 - 4*g. Calculate s(p).
3
Let i be 1/((-56)/63 - -1). Suppose 0 = 6*b - 15 - i. Let l(y) = -2*y - 2. What is l(b)?
-10
Let w(h) = 5*h**2 + 7 - 107*h + 3*h**2 - 4*h**2 - h**3 + 108*h. Let n be 12/(-21) - 285/(-21). Let r(m) = -m**2 + 12*m + 18. Let b be r(n). Give w(b).
-13
Suppose 15 = 16*i - 1. Let t be -7 + 11 + (i - 7). Let s(l) = -3*l - 4. Give s(t).
2
Suppose -6*l + 22 = -2. Let w(h) = l - 6*h + h + 10*h. Give w(-8).
-36
Suppose 5*v - 3 = 4*q, q = 4*v - 0*v - 9. Let r be 31/5 + v/(-15). Let x(d) = -6455 - 6446 - 6*d + 4*d + 12898 + 3*d. Calculate x(r).
3
Let b(h) = 22*h**2 - 90*h + 7. Let v be b(4). Let c(s) = -26*s + 1. What is c(v)?
27
Let m be (-144)/(-240) - 24/(-10) - -1. Let v(n) be the second derivative of 5/3*n**3 + 13*n + 9/2*n**2 + 0 - 1/12*n**m. Calculate v(11).
-2
Let v(x) = -40*x**2 + 1. Let q = 472 + -468. Suppose q*y = 5*d + 11, 8*d - 6*d + 3 = 3*y. Determine v(y).
-39
Suppose -129*g - 28 = -130*g. Suppose 2*c + 50 = 7*c. Let z(b) = -g - b + c + 17. What is z(3)?
-4
Let j(m) = 5*m + 40. Let y be j(-8). Let c(v) = -176*v + y + 1 + 79*v + 77*v. Calculate c(-2).
41
Let y(l) be the third derivative of -l**5/60 - 17*l**4/24 + 7*l**3/2 + 43*l**2 + 3. What is y(-15)?
51
Let a(q) = -3*q**2 - 14*q + 4. Let w(g) = 5*g**2 + 26*g - 8. Let u be (-1 - (-4)/(-8))*(-8)/3. Let i(h) = u*w(h) + 7*a(h). Determine i(6).
-4
Let u(z) be the second derivative of -z**7/840 + z**6/90 + z**5/60 - z**4/4 - 3*z**3 + 6*z - 9. Let i(p) be the second derivative of u(p). What is i(4)?
2
Let m(p) be the third derivative of p**7/840 + 7*p**6/360 + p**5/60 - 3*p**4/8 + 175*p**3/6 - 4*p**2. Let f(g) be the first derivative of m(g). Give f(-7).
-23
Let t(h) = -2*h - 20. Suppose z + 4*i + 31 = 0, -z + 35 = -6*z + 4*i. Let o be t(z). Let a(u) = -2 + 3 - o + 5 - 6*u. Give a(3).
-14
Let r(a) = 10*a - 11. Let g be r(-4). Let q = g - -53. Suppose 0 = x + d - q, -d = 5*x - 5*d - 1. Let t(i) = 19*i - 1. Determine t(x).
18
Let a(q) = -q**3 + 8*q**2 - 9*q + 9. Suppose -50*y - 558 = -53*y. Let k = y + -179. What is a(k)?
-5
Let y(n) be the third derivative of -7/60*n**5 + 0 + 1/120*n**6 + 0*n**4 - 1/2*n**3 + n**2 + 0*n. Let b be -1*(-40)/16*28/10. Determine y(b).
-3
Let o(i